 when q is divided by -4 - (-11 + -4) - s?
7
Let v be (-7)/35*5*(94 - 0). Let s = v - -128. Suppose 46 = 3*k + 5*g, 7*k - 2*k + 3*g = 66. What is the remainder when s is divided by k?
10
Let u = 238 - 216. What is the remainder when 328 is divided by u?
20
Suppose m - 28 = -5*o + 61, 3*o + 3*m - 63 = 0. Let i(t) = -t**3 + 16*t**2 + 18*t. Calculate the remainder when 61 is divided by i(o).
10
What is the remainder when 203 is divided by (-316)/(-26) + (36/(-39))/6?
11
Suppose 5*d = 2*q, 26 = -0*q + 4*q + 3*d. Suppose -b = -q*o + 28, 2*o + 4*b = 3*o - 17. Suppose o*m = 35 + 35. What is the remainder when m is divided by 8?
6
Let z(p) = p**3 + 4*p**2 - 2*p + 3. Suppose -l - 2*k - 6 = 0, 5*l - 19 = 3*k + 16. Calculate the remainder when z(-3) is divided by l.
2
Let f(w) be the third derivative of -5*w**4/8 + w**3 + 13*w**2. Let v(q) = q**3 - 4*q**2 - 16*q - 7. What is the remainder when f(-7) is divided by v(7)?
27
Suppose -4*s = -0 + 20. Let k = s + 7. Suppose x - k*x = -4. Calculate the remainder when 13 is divided by x.
1
Let u(b) = 4*b - 3. Suppose -4*k = -2*k - 12. Calculate the remainder when u(5) is divided by k.
5
Suppose -4*h - 128 = -40. Let x = h + 40. What is the remainder when 87 is divided by x?
15
What is the remainder when (-1*32/(-4))/((-4)/(-26)) is divided by ((-152)/(-24))/((-1)/(-3))?
14
Suppose -c + 101 = 4*c - 3*a, -2*a = 5*c - 91. What is the remainder when (-78 - -8)*2/(-4) is divided by c?
16
Suppose -8*w - 2376 = -4*w. What is the remainder when (-2)/(-5) + w/(-15) is divided by 14?
12
Suppose 6*x - 315 = -x. Calculate the remainder when 179 is divided by x.
44
Let y be (4 - 4) + -2 - 0. Let r be 32 + (-2)/(y/3). Calculate the remainder when r*(-2 + 3) + 2 is divided by 13.
11
Let j(m) = m**3 + 5*m**2 - 6*m. Let h be 3/((4/(-2))/(-2)). Suppose -h*i - 13 = -184. What is the remainder when i is divided by j(-5)?
27
Suppose -6*i - 1450 = -16*i. Calculate the remainder when i is divided by 21.
19
Suppose 0 = 12*b - 567 + 159. What is the remainder when b is divided by 12 + -2 - (1 - 0)?
7
Let k be (-3)/(-2) + (-198)/12. Let x = k + 15. Suppose -s = 2*j - 13, -3*s = -x*s - 3*j - 66. What is the remainder when s is divided by 7?
5
Let k(z) = -z**3 - z**2 + 5*z - 6. What is the remainder when 151 is divided by k(-4)?
19
What is the remainder when 57 is divided by (1 + 6/4)*(-17724)/(-2110)?
15
Let x = 277 + -163. Let s = x + -103. What is the remainder when s is divided by 2?
1
Let j = -75 + 184. Let b = 40 + -12. What is the remainder when j is divided by b?
25
What is the remainder when -2 + 10722/57 + (-4)/38 is divided by 5?
1
Let c = -31 - -42. What is the remainder when 139 is divided by c?
7
Suppose -11*h + 19 = -190. Calculate the remainder when h is divided by 19.
0
Let j be (-1058)/(-14) + (-6)/(-14). Let l(f) = f**3 - f**2 - f + 65. Calculate the remainder when l(0) is divided by (-2)/(-8) - (-1273)/j.
14
Let h(n) = 35*n + 1. Let m = -19 + 15. Let s(r) = r + 7. Let q be s(m). What is the remainder when h(q) is divided by 27?
25
Let c(f) = 3*f**2 + 6*f - 9. Let p be c(4). Suppose 2*m - 11 = m - 5*k, -3*m = 5*k - p. Calculate the remainder when m is divided by 15.
11
Suppose -179 = -5*q + 61. Let j(m) = -m**2 - 6*m + 13. Calculate the remainder when q is divided by j(-6).
9
Suppose -42*z + 41*z = -53. Let m = z + -19. What is the remainder when m is divided by 23?
11
Let j = 2027 + -1754. Calculate the remainder when j is divided by 32.
17
Let i(k) = 2*k**2 - 7*k + 2. Let h be i(6). Suppose 4*s - 2 = -2*z - 22, 4*s = -5*z - h. What is the remainder when 24 is divided by (-51)/(-4) - 1/z?
11
Suppose -2*u + 23 = -25. Suppose 0 = -3*k - 2*g + 15 + 12, 2*g = 2*k - 18. Calculate the remainder when u is divided by k.
6
Suppose 3*m + m + 16 = 0. Let u(b) = -4*b + 5. Let o(p) = 2*p**2 + 2*p + 1. What is the remainder when o(-6) is divided by u(m)?
19
Suppose -6*c - 70 = -c. Suppose 0 = 5*k + 2*n + 48, 6*n = k + n + 15. Let w = k - c. What is the remainder when 11 is divided by w?
3
Suppose -9 + 25 = -i. Let x = i + 19. Let d(w) = w**3 - w**2 + 2*w - 1. What is the remainder when x is divided by d(1)?
0
Suppose 4*n - 10 = -a, -2*n - a - 3*a = -12. Suppose 6*u + 31 - 103 = 0. Suppose u + 44 = 7*y. What is the remainder when y is divided by n?
0
Suppose 15 = m + h, 5*m = 4*m - 4*h + 30. Calculate the remainder when 104 is divided by m.
4
Let m = 2433 - 2422. Calculate the remainder when 108 is divided by m.
9
Calculate the remainder when 134 is divided by (-12)/(2/1)*(-85)/10.
32
Let i be (-1)/((-75)/24 + 3). Let q be 2/i - 49/(-28). Let t(x) = 4*x**3 - 3*x**2 + 1. What is the remainder when 61 is divided by t(q)?
19
Suppose -4*n + 22 = -3*b - 44, b = n - 17. Let r = n + 0. Calculate the remainder when 28 is divided by r.
13
What is the remainder when 429 is divided by ((355/(-3))/5)/((-32)/288)?
3
Let l = -65 + -2. Let u = l + 71. Calculate the remainder when 5 is divided by u.
1
Let z = -317 - -418. Calculate the remainder when z is divided by (-870)/(-25) + (-3)/(-15).
31
Let d(q) = -5*q + 1. Calculate the remainder when 503 is divided by d(-4).
20
Let r(y) = y + 13. Let g(x) = x + 7. Let h be g(-3). Calculate the remainder when r(h) is divided by 10.
7
Calculate the remainder when (-1)/2 - (-333)/6 is divided by 12.
7
Let v(h) = 2*h**2 + 2*h - 1. Let s be v(-2). Let d = 40 - 28. What is the remainder when (33/s)/((-1)/(-3)) is divided by d?
9
What is the remainder when 297 is divided by -2 - (-4 - (-240)/(-5))?
47
Suppose -16 = 5*i + 4. Let d be -5 - 12/i - -4. Suppose -5*n + 1 = d*c - 27, -7 = -n + c. What is the remainder when n is divided by 4?
2
Suppose 0 = -4*z + 39 + 73. Let l = 2 + z. What is the remainder when 87 is divided by l?
27
What is the remainder when 53 is divided by (1 + (-188)/(-20))/(4/10)?
1
Suppose -7*a + 36 = 2*a. Let r = -15 + 25. What is the remainder when 4/r - (-48)/5 is divided by a?
2
Suppose 0 = 3*v - 5*i - 0*i - 110, 0 = 3*i + 3. Let b be 2 + 0/(2 - 1). Let t(o) = 6*o - 3. Calculate the remainder when v is divided by t(b).
8
Let j = 13 - 6. Let w be 0/2 + (1 - 1). Let g(b) = -b**2 + b + 26. Calculate the remainder when g(w) is divided by j.
5
Calculate the remainder when 300 is divided by 80512/960 + 26/(-30) + 1.
48
Let u be (-6)/((4/(-6))/((-2)/(-3))). Suppose 0 = -d + u*d - 40. Calculate the remainder when 30 is divided by d.
6
Let b = 1822 + -1596. Calculate the remainder when b is divided by 7.
2
Let b = -274 + 322. Suppose -k - 3*s + 132 = 0, k - 4*k + 2*s = -429. Calculate the remainder when k is divided by b.
45
Let o(z) = -z - 2 + 1 + 8*z - 6. Let g be o(4). Calculate the remainder when (-238)/g*(-18)/4 is divided by 27.
24
Let y = 12 - 43. Let s = 78 + y. What is the remainder when 187 is divided by s?
46
Suppose i - v - 2*v = -16, 4*i + 2*v = -78. Let z be -1*(-3 + i - 1). Let a = 64 - z. Calculate the remainder when a is divided by 11.
8
Let t = 211 - 2. Calculate the remainder when t is divided by 35.
34
Let j be (6 - -2 - 3 - 3) + 51. Let z = j - 50. Calculate the remainder when 15 is divided by z.
0
Let g = 32 - 34. What is the remainder when (-6900)/(-60) - (-1 - (g - -1)) is divided by 29?
28
What is the remainder when 55 is divided by 61/4 - (-7)/(-28)?
10
Suppose -s = s - 10. Suppose 2*x = -2, -s*x = p - 4*x + 1. Suppose 265 = -p*b + 5*b. What is the remainder when b is divided by 18?
17
Let o(q) = -27*q - 162. Calculate the remainder when 1294 is divided by o(-10).
106
Let z(o) = 45*o - 18. What is the remainder when z(3) is divided by 59?
58
Calculate the remainder when 113 is divided by 70 - ((4 - 1) + 4).
50
Suppose 28*w - 31*w + 15 = 0. Calculate the remainder when 105 is divided by w.
0
Let p(h) = 3*h**2 + 5*h - 7. Let j = 48 - 43. What is the remainder when p(j) is divided by 32?
29
Suppose -3*p + 1 - 49 = 0. Let n = 55 + p. What is the remainder when n is divided by 21?
18
Suppose -8*g + 663 = -657. Calculate the remainder when g is divided by 56.
53
Let r(a) = -2*a**3 - 7*a**2 - 4*a - 8. Let y be r(-5). Suppose 5*k - 8*k + y = 0. Suppose -k - 1 = -2*n. Calculate the remainder when n is divided by 6.
3
Suppose 0 = 2*c - 0*c + 4*j + 6, -33 = -5*c + 2*j. Suppose 145 = c*b - 4*x - 37, 10 = 5*x. What is the remainder when b is divided by 20?
18
Suppose -59 = -4*v + 2*